{"id":1006,"date":"2026-05-10T22:15:12","date_gmt":"2026-05-10T20:15:12","guid":{"rendered":"https:\/\/challenge-christophe-caraty.fr\/?page_id=1006"},"modified":"2026-05-11T08:40:06","modified_gmt":"2026-05-11T06:40:06","slug":"le-mot-de-la-presidente","status":"publish","type":"page","link":"https:\/\/challenge-christophe-caraty.fr\/?page_id=1006","title":{"rendered":"LE MOT DE LA PRESIDENTE"},"content":{"rendered":"<p><strong>L&rsquo;association Christophe Caraty s&rsquo;engage aux c\u00f4t\u00e9s des malades, et de leurs familles, frapp\u00e9s par le cancer, en s&rsquo;appuyant sur les valeurs du handball :<\/strong> <span style=\"color: #ff0000;\">solidarit\u00e9, entraide et combativit\u00e9.<\/span><strong>Mais aussi et surtout, l&rsquo;esprit d &lsquo;\u00e9quipe !<\/strong><\/p>\n<p>Derri\u00e8re chaque cancer, il y a une bataille \u00e0 mener.<\/p>\n<p>Nous ne pouvons faire \u00e0 la place du malade, ni m\u00eame de l &lsquo;\u00e9quipe soignante. Nous faisons avec eux. Alors nous entrons dans cette \u00e9quipe : le patient, la famille, l&rsquo;\u00e9quipe soignante et l &lsquo;association.<\/p>\n<p>Notre objectif est le mieux-\u00eatre du patient pour que ses forces se mobilisent et que l \u00e9quipe soignante puisse se concentrer sur son r\u00f4le.<\/p>\n<p>Aussi depuis 25ans, nous nous mobilisons pour apporter notre soutien, afin de soulager un quotidien boulevers\u00e9. Cela se traduit \u00e0 travers d &lsquo;actions concr\u00e8tes :<\/p>\n<p>L&rsquo;espace Christophe (qui permet de maintenir au plus pr\u00e8s les familles), les soins support, l &lsquo;am\u00e9nagement d une salle de sport et la cr\u00e9ation d &lsquo;un poste d &lsquo;\u00e9ducateur en activit\u00e9s physique adapt\u00e9s.<\/p>\n<p><strong>L&rsquo;union fait la force et c &lsquo;est ensemble que nous faisons face.<\/strong><\/p>\n<p>&nbsp;<\/p>\n","protected":false},"excerpt":{"rendered":"<p>L&rsquo;association Christophe Caraty s&rsquo;engage aux c\u00f4t\u00e9s des malades, et de leurs familles, frapp\u00e9s par le cancer, en s&rsquo;appuyant sur les valeurs du handball : solidarit\u00e9, entraide et combativit\u00e9.Mais aussi et surtout, l&rsquo;esprit d &lsquo;\u00e9quipe ! Derri\u00e8re chaque cancer, il y a une bataille \u00e0 mener. Nous ne pouvons faire \u00e0 la place du malade, ni&#8230; <\/p>\n<div class=\"link-more\"><a href=\"https:\/\/challenge-christophe-caraty.fr\/?page_id=1006\">En savoir plus<\/a><\/div>\n","protected":false},"author":1,"featured_media":0,"parent":0,"menu_order":0,"comment_status":"closed","ping_status":"closed","template":"","meta":{"give_campaign_id":0,"footnotes":""},"class_list":["post-1006","page","type-page","status-publish","hentry"],"campaignId":"","_links":{"self":[{"href":"https:\/\/challenge-christophe-caraty.fr\/index.php?rest_route=\/wp\/v2\/pages\/1006","targetHints":{"allow":["GET"]}}],"collection":[{"href":"https:\/\/challenge-christophe-caraty.fr\/index.php?rest_route=\/wp\/v2\/pages"}],"about":[{"href":"https:\/\/challenge-christophe-caraty.fr\/index.php?rest_route=\/wp\/v2\/types\/page"}],"author":[{"embeddable":true,"href":"https:\/\/challenge-christophe-caraty.fr\/index.php?rest_route=\/wp\/v2\/users\/1"}],"replies":[{"embeddable":true,"href":"https:\/\/challenge-christophe-caraty.fr\/index.php?rest_route=%2Fwp%2Fv2%2Fcomments&post=1006"}],"version-history":[{"count":9,"href":"https:\/\/challenge-christophe-caraty.fr\/index.php?rest_route=\/wp\/v2\/pages\/1006\/revisions"}],"predecessor-version":[{"id":1048,"href":"https:\/\/challenge-christophe-caraty.fr\/index.php?rest_route=\/wp\/v2\/pages\/1006\/revisions\/1048"}],"wp:attachment":[{"href":"https:\/\/challenge-christophe-caraty.fr\/index.php?rest_route=%2Fwp%2Fv2%2Fmedia&parent=1006"}],"curies":[{"name":"wp","href":"https:\/\/api.w.org\/{rel}","templated":true}]}}